[INFO] fetching crate lib3h_persistence_file 0.0.1-alpha2...
[INFO] checking lib3h_persistence_file-0.0.1-alpha2 against try#72f88fc4e9458f89516a0b8b0868f3718aec5b47 for pr-74989
[INFO] extracting crate lib3h_persistence_file 0.0.1-alpha2 into /workspace/builds/worker-3/source
[INFO] validating manifest of crates.io crate lib3h_persistence_file 0.0.1-alpha2 on toolchain 72f88fc4e9458f89516a0b8b0868f3718aec5b47
[INFO] running `Command { std: "/workspace/cargo-home/bin/cargo" "+72f88fc4e9458f89516a0b8b0868f3718aec5b47" "read-manifest" "--manifest-path" "Cargo.toml", kill_on_drop: false }`
[INFO] started tweaking crates.io crate lib3h_persistence_file 0.0.1-alpha2
[INFO] finished tweaking crates.io crate lib3h_persistence_file 0.0.1-alpha2
[INFO] tweaked toml for crates.io crate lib3h_persistence_file 0.0.1-alpha2 written to /workspace/builds/worker-3/source/Cargo.toml
[INFO] running `Command { std: "/workspace/cargo-home/bin/cargo" "+72f88fc4e9458f89516a0b8b0868f3718aec5b47" "generate-lockfile" "--manifest-path" "Cargo.toml" "-Zno-index-update", kill_on_drop: false }`
[INFO] running `Command { std: "/workspace/cargo-home/bin/cargo" "+72f88fc4e9458f89516a0b8b0868f3718aec5b47" "fetch" "--locked" "--manifest-path" "Cargo.toml", kill_on_drop: false }`
[INFO] [stderr]     Blocking waiting for file lock on package cache
[INFO] running `Command { std: "docker" "create" "-v" "/var/lib/crater-agent-workspace/builds/worker-3/target:/opt/rustwide/target:rw,Z" "-v" "/var/lib/crater-agent-workspace/builds/worker-3/source:/opt/rustwide/workdir:ro,Z" "-v" "/var/lib/crater-agent-workspace/cargo-home:/opt/rustwide/cargo-home:ro,Z" "-v" "/var/lib/crater-agent-workspace/rustup-home:/opt/rustwide/rustup-home:ro,Z" "-e" "SOURCE_DIR=/opt/rustwide/workdir" "-e" "CARGO_TARGET_DIR=/opt/rustwide/target" "-e" "CARGO_HOME=/opt/rustwide/cargo-home" "-e" "RUSTUP_HOME=/opt/rustwide/rustup-home" "-w" "/opt/rustwide/workdir" "-m" "1610612736" "--user" "0:0" "--network" "none" "rustops/crates-build-env@sha256:d92eaeed33fa75130ca1ee6c8a01d1ffb62bac859dfdfb3450e3e5d1c0146529" "/opt/rustwide/cargo-home/bin/cargo" "+72f88fc4e9458f89516a0b8b0868f3718aec5b47" "metadata" "--no-deps" "--format-version=1", kill_on_drop: false }`
[INFO] [stderr] WARNING: Your kernel does not support swap limit capabilities or the cgroup is not mounted. Memory limited without swap.
[INFO] [stdout] 490b9cf74842c9ca43c381376367cb38b582fe9b27ebadbf1e96bc224c91482a
[INFO] running `Command { std: "docker" "start" "-a" "490b9cf74842c9ca43c381376367cb38b582fe9b27ebadbf1e96bc224c91482a", kill_on_drop: false }`
[INFO] running `Command { std: "docker" "inspect" "490b9cf74842c9ca43c381376367cb38b582fe9b27ebadbf1e96bc224c91482a", kill_on_drop: false }`
[INFO] running `Command { std: "docker" "rm" "-f" "490b9cf74842c9ca43c381376367cb38b582fe9b27ebadbf1e96bc224c91482a", kill_on_drop: false }`
[INFO] [stdout] 490b9cf74842c9ca43c381376367cb38b582fe9b27ebadbf1e96bc224c91482a
[INFO] running `Command { std: "docker" "create" "-v" "/var/lib/crater-agent-workspace/builds/worker-3/target:/opt/rustwide/target:rw,Z" "-v" "/var/lib/crater-agent-workspace/builds/worker-3/source:/opt/rustwide/workdir:ro,Z" "-v" "/var/lib/crater-agent-workspace/cargo-home:/opt/rustwide/cargo-home:ro,Z" "-v" "/var/lib/crater-agent-workspace/rustup-home:/opt/rustwide/rustup-home:ro,Z" "-e" "SOURCE_DIR=/opt/rustwide/workdir" "-e" "CARGO_TARGET_DIR=/opt/rustwide/target" "-e" "CARGO_INCREMENTAL=0" "-e" "RUST_BACKTRACE=full" "-e" "RUSTFLAGS=--cap-lints=forbid" "-e" "CARGO_HOME=/opt/rustwide/cargo-home" "-e" "RUSTUP_HOME=/opt/rustwide/rustup-home" "-w" "/opt/rustwide/workdir" "-m" "1610612736" "--user" "0:0" "--network" "none" "rustops/crates-build-env@sha256:d92eaeed33fa75130ca1ee6c8a01d1ffb62bac859dfdfb3450e3e5d1c0146529" "/opt/rustwide/cargo-home/bin/cargo" "+72f88fc4e9458f89516a0b8b0868f3718aec5b47" "check" "--frozen" "--all" "--all-targets" "--message-format=json", kill_on_drop: false }`
[INFO] [stderr] WARNING: Your kernel does not support swap limit capabilities or the cgroup is not mounted. Memory limited without swap.
[INFO] [stdout] 441ad93b17da12783438c60b27a25b1c96e1ed403c26114793d22e36edde8793
[INFO] running `Command { std: "docker" "start" "-a" "441ad93b17da12783438c60b27a25b1c96e1ed403c26114793d22e36edde8793", kill_on_drop: false }`
[INFO] [stderr]    Compiling autocfg v1.0.1
[INFO] [stderr]    Compiling unicode-xid v0.1.0
[INFO] [stderr]    Compiling proc-macro2 v0.4.30
[INFO] [stderr]    Compiling syn v0.15.31
[INFO] [stderr]    Compiling libc v0.2.77
[INFO] [stderr]    Compiling serde v1.0.89
[INFO] [stderr]    Compiling ryu v0.2.8
[INFO] [stderr]     Checking either v1.6.0
[INFO] [stderr]    Compiling typenum v1.12.0
[INFO] [stderr]    Compiling byteorder v1.3.4
[INFO] [stderr]    Compiling crunchy v0.2.2
[INFO] [stderr]     Checking hashbrown v0.9.0
[INFO] [stderr]     Checking arrayref v0.3.5
[INFO] [stderr]     Checking byte-tools v0.2.0
[INFO] [stderr]    Compiling bitflags v1.2.1
[INFO] [stderr]     Checking linked-hash-map v0.5.3
[INFO] [stderr]     Checking fake-simd v0.1.2
[INFO] [stderr]     Checking itoa v0.4.6
[INFO] [stderr]     Checking lazy_static v1.2.0
[INFO] [stderr]     Checking sha1 v0.5.0
[INFO] [stderr]    Compiling lib3h_persistence_api v0.0.1-alpha2
[INFO] [stderr]     Checking reed-solomon v0.2.1
[INFO] [stderr]     Checking half v1.6.0
[INFO] [stderr]     Checking objekt v0.1.2
[INFO] [stderr]     Checking remove_dir_all v0.5.3
[INFO] [stderr]     Checking cfg-if v0.1.10
[INFO] [stderr]     Checking glob v0.3.0
[INFO] [stderr]     Checking rand_core v0.3.1
[INFO] [stderr]    Compiling proc-macro2 v0.2.3
[INFO] [stderr]     Checking block-buffer v0.3.3
[INFO] [stderr]     Checking futures-core-preview v0.3.0-alpha.12
[INFO] [stderr]     Checking yaml-rust v0.4.4
[INFO] [stdout] error[E0432]: unresolved import `core::task::LocalWaker`
[INFO] [stdout]  --> /opt/rustwide/cargo-home/registry/src/github.com-1ecc6299db9ec823/futures-core-preview-0.3.0-alpha.12/src/future/future_obj.rs:6:12
[INFO] [stdout]   |
[INFO] [stdout] 6 |     task::{LocalWaker, Poll},
[INFO] [stdout]   |            ^^^^^^^^^^ no `LocalWaker` in `task`
[INFO] [stdout] 
[INFO] [stdout] 
[INFO] [stdout] error[E0432]: unresolved imports `core::task::LocalWaker`, `core::task::UnsafeWake`
[INFO] [stdout]  --> /opt/rustwide/cargo-home/registry/src/github.com-1ecc6299db9ec823/futures-core-preview-0.3.0-alpha.12/src/task/mod.rs:8:35
[INFO] [stdout]   |
[INFO] [stdout] 8 | pub use core::task::{Poll, Waker, LocalWaker, UnsafeWake};
[INFO] [stdout]   |                                   ^^^^^^^^^^  ^^^^^^^^^^ no `UnsafeWake` in `task`
[INFO] [stdout]   |                                   |
[INFO] [stdout]   |                                   no `LocalWaker` in `task`
[INFO] [stdout] 
[INFO] [stdout] 
[INFO] [stdout] error[E0432]: unresolved imports `std::task::local_waker`, `std::task::local_waker_from_nonlocal`
[INFO] [stdout]   --> /opt/rustwide/cargo-home/registry/src/github.com-1ecc6299db9ec823/futures-core-preview-0.3.0-alpha.12/src/task/mod.rs:10:27
[INFO] [stdout]    |
[INFO] [stdout] 10 | pub use std::task::{Wake, local_waker, local_waker_from_nonlocal};
[INFO] [stdout]    |                           ^^^^^^^^^^^  ^^^^^^^^^^^^^^^^^^^^^^^^^ no `local_waker_from_nonlocal` in `task`
[INFO] [stdout]    |                           |
[INFO] [stdout]    |                           no `local_waker` in `task`
[INFO] [stdout] 
[INFO] [stdout] 
[INFO] [stderr]    Compiling itertools v0.7.11
[INFO] [stdout] error[E0658]: use of unstable library feature 'wake_trait'
[INFO] [stdout]   --> /opt/rustwide/cargo-home/registry/src/github.com-1ecc6299db9ec823/futures-core-preview-0.3.0-alpha.12/src/task/mod.rs:10:21
[INFO] [stdout]    |
[INFO] [stdout] 10 | pub use std::task::{Wake, local_waker, local_waker_from_nonlocal};
[INFO] [stdout]    |                     ^^^^
[INFO] [stdout]    |
[INFO] [stdout]    = note: see issue #69912 <https://github.com/rust-lang/rust/issues/69912> for more information
[INFO] [stdout]    = help: add `#![feature(wake_trait)]` to the crate attributes to enable
[INFO] [stdout] 
[INFO] [stdout] 
[INFO] [stderr]     Checking rand_xorshift v0.1.1
[INFO] [stderr]     Checking rand_isaac v0.1.1
[INFO] [stderr]     Checking rand_hc v0.1.0
[INFO] [stderr]     Checking hcid v0.0.6
[INFO] [stdout] error: aborting due to 4 previous errors
[INFO] [stdout] 
[INFO] [stdout] 
[INFO] [stdout] Some errors have detailed explanations: E0432, E0658.
[INFO] [stdout] 
[INFO] [stdout] For more information about an error, try `rustc --explain E0432`.
[INFO] [stdout] 
[INFO] [stderr] error: could not compile `futures-core-preview`.
[INFO] [stderr] 
[INFO] [stderr] To learn more, run the command again with --verbose.
[INFO] [stderr] warning: build failed, waiting for other jobs to finish...
[INFO] [stderr] error: build failed
[INFO] running `Command { std: "docker" "inspect" "441ad93b17da12783438c60b27a25b1c96e1ed403c26114793d22e36edde8793", kill_on_drop: false }`
[INFO] running `Command { std: "docker" "rm" "-f" "441ad93b17da12783438c60b27a25b1c96e1ed403c26114793d22e36edde8793", kill_on_drop: false }`
[INFO] [stdout] 441ad93b17da12783438c60b27a25b1c96e1ed403c26114793d22e36edde8793
